{"id":38,"date":"2024-09-04T15:34:20","date_gmt":"2024-09-04T13:34:20","guid":{"rendered":"https:\/\/localhost\/wordpress\/?page_id=38"},"modified":"2026-03-10T11:09:34","modified_gmt":"2026-03-10T10:09:34","slug":"meine-buecher","status":"publish","type":"page","link":"https:\/\/www.isabell-lahmer.de\/?page_id=38","title":{"rendered":"Meine B\u00fccher"},"content":{"rendered":"\n<h2 class=\"wp-block-heading has-text-color has-link-color wp-elements-f1f0db3c6a0ef73216257a3612462616\" style=\"color:#e6549b\">Die Bergh\u00fcttenreihe<\/h2>\n\n\n\n<p><strong><em>Kaiserschmarrn &#8211; Fr\u00fchling auf der kleinen Bergh\u00fctte<\/em><\/strong><\/p>\n\n\n\n<div class=\"wp-block-media-text is-stacked-on-mobile\" style=\"grid-template-columns:20% auto\"><figure class=\"wp-block-media-text__media\"><img loading=\"lazy\" decoding=\"async\" width=\"640\" height=\"1024\" src=\"https:\/\/www.isabell-lahmer.de\/wp-content\/uploads\/2026\/03\/Neuauflage1-640x1024.png\" alt=\"Isabell Lahmer: Kaiserschmarrn - Fr\u00fchling auf der kleinen Bergh\u00fctte\nNeuauflage Ende April 2026\" class=\"wp-image-285 size-full\" srcset=\"https:\/\/www.isabell-lahmer.de\/wp-content\/uploads\/2026\/03\/Neuauflage1-640x1024.png 640w, https:\/\/www.isabell-lahmer.de\/wp-content\/uploads\/2026\/03\/Neuauflage1-188x300.png 188w, https:\/\/www.isabell-lahmer.de\/wp-content\/uploads\/2026\/03\/Neuauflage1-768x1228.png 768w, https:\/\/www.isabell-lahmer.de\/wp-content\/uploads\/2026\/03\/Neuauflage1-960x1536.png 960w, https:\/\/www.isabell-lahmer.de\/wp-content\/uploads\/2026\/03\/Neuauflage1-1281x2048.png 1281w, https:\/\/www.isabell-lahmer.de\/wp-content\/uploads\/2026\/03\/Neuauflage1.png 1600w\" sizes=\"auto, (max-width: 640px) 100vw, 640px\" \/><\/figure><div class=\"wp-block-media-text__content\">\n<p class=\"has-tiny-font-size\"><em>\u00bbIch glaube nicht an Zuf\u00e4lle. Es ist auch kein Zufall, dass wir beide hier auf der Bank sitzen und Lakritz essen.\u00ab<\/em><br><br>Justine ist Anfang drei\u00dfig, ihr Leben l\u00e4uft in perfekten Bahnen:<br>Sie hat einen tollen Job in der Marketingagentur ihrer besten Freundin, mit ihrem Freund Nico lebt sie in einer schicken Altbauwohnung im Frankfurter Westend und es ist nur eine Frage der Zeit, bis er ihr einen Heiratsantrag machen wird.<br>Doch pl\u00f6tzlich, wie aus dem Nichts, st\u00fcrzt Justines Leben \u00fcber ihr zusammen.<br><br>Um sich neu zu orientieren, beginnt sie eine Wanderung \u00fcber die Alpen. Doch unerfahren, wie sie ist, verl\u00e4uft sie sich.<br>Sie kann im letzten Moment ein Ungl\u00fcck verhindern und landet in der Sonnenkogelh\u00fctte. Dort lernt sie H\u00fcttenwirt Finn, der eigentlich Surfbretter vermietet, und seinen wortkargen Gehilfen Karl kennen.<br>Und ehe Justine sichs versieht, steckt sie mitten in einem Abenteuer, das sie niemals f\u00fcr m\u00f6glich gehalten h\u00e4tte.<br><br><strong>Ein Roman \u00fcber Verluste, neue Chancen und das kleine Gl\u00fcck inmitten einer atemberaubenden Landschaft.<\/strong><\/p>\n<\/div><\/div>\n\n\n\n<p class=\"has-tiny-font-size\">Erh\u00e4ltlich als Taschenbuch und als E-Book f\u00fcr den Kindle sowie Tolino und Co.<\/p>\n\n\n\n<div class=\"wp-block-buttons is-layout-flex wp-block-buttons-is-layout-flex\">\n<div class=\"wp-block-button has-custom-width wp-block-button__width-25  is-size-small\"><a class=\"wp-block-button__link has-background wp-element-button\" style=\"background-color:#e6549b\">Bei Amazon bestellen<\/a><\/div>\n\n\n\n<div class=\"wp-block-button has-custom-width wp-block-button__width-25  is-size-small\"><a class=\"wp-block-button__link has-background wp-element-button\" style=\"background-color:#e6549b\">Im Buchhandel bestellen<\/a><\/div>\n<\/div>\n\n\n\n<p><\/p>\n\n\n\n<h2 class=\"wp-block-heading has-vivid-red-color has-text-color has-link-color wp-elements-e735e5fc24320d7e41ac9fecea39fd85\">Die Krimis<\/h2>\n\n\n\n<p><strong><em>Unter der Mauer<\/em><\/strong><\/p>\n\n\n\n<div class=\"wp-block-media-text is-stacked-on-mobile\" style=\"grid-template-columns:20% auto\"><figure class=\"wp-block-media-text__media\"><img loading=\"lazy\" decoding=\"async\" width=\"1600\" height=\"2559\" src=\"https:\/\/www.isabell-lahmer.de\/wp-content\/uploads\/2024\/12\/M.Lahmer-Unter-der-Mauer.jpg\" alt=\"\" class=\"wp-image-207 size-full\"\/><\/figure><div class=\"wp-block-media-text__content\">\n<p class=\"has-tiny-font-size\"><em>Eine verschwundene Studentin.<br>Eine un\u00fcberwindbare Grenze.<br>Und ein Verbrechen, das mehr als 30 Jahre lang unges\u00fchnt bleibt.<\/em><br><br>Leipzig, 1984: Die Studentin Michaela Wolff verschwindet spurlos. Alles, was ihrer Familie bleibt, ist ein Abschiedsbrief. Auch nach dem Fall der Mauer findet man kein Lebenszeichen von ihr. Die Familie zerbricht beinahe an diesem Schicksal.<br><br>F\u00fcnfunddrei\u00dfig Jahre sp\u00e4ter st\u00f6\u00dft die Psychologin Nike Klafeld in Siegen auf ein altes Tagebuch, versteckt in einem Weltkriegsbunker.<br>Die Suche nach der jungen Frau f\u00fchrt sie auf eine Reise in ihre eigene Vergangenheit und pl\u00f6tzlich ist nichts mehr, wie es war. Doch Nike ahnt nicht, dass sie sich bei ihrer Suche nach Gerechtigkeit selbst in gro\u00dfe Gefahr bringt &#8230;<\/p>\n\n\n\n<p class=\"has-tiny-font-size\"><\/p>\n<\/div><\/div>\n\n\n\n<p class=\"has-tiny-font-size\">Erh\u00e4ltlich als Taschenbuch und als E-Book f\u00fcr den Kindle sowie Tolino und Co.<\/p>\n\n\n\n<div class=\"wp-block-group has-global-padding is-layout-constrained wp-block-group-is-layout-constrained\">\n<div class=\"wp-block-buttons is-layout-flex wp-block-buttons-is-layout-flex\">\n<div class=\"wp-block-button has-custom-width wp-block-button__width-25 is-size-small\"><a class=\"wp-block-button__link has-vivid-red-background-color has-background wp-element-button\" href=\"https:\/\/www.amazon.de\/Unter-Mauer-Melanie-Lahmer\/dp\/3964434892\/ref=sr_1_21?__mk_de_DE=%C3%85M%C3%85%C5%BD%C3%95%C3%91&amp;crid=GLW11GLFCUV8&amp;dib=eyJ2IjoiMSJ9.kirUWqo-BGCSpWBubYWomqUU2y3sKvqnjw5B4nplqKbGjHj071QN20LucGBJIEps.gEbKH4m3OAKJuLww88gLTp5jyCi-vVKhrPyBKD01Bqw&amp;dib_tag=se&amp;keywords=Lahmer&amp;nsdOptOutParam=true&amp;qid=1733239210&amp;s=books&amp;sprefix=lahmer%2Cstripbooks%2C102&amp;sr=1-21\" target=\"_blank\" rel=\"noreferrer noopener\">Bei Amazon bestellen<\/a><\/div>\n\n\n\n<div class=\"wp-block-button has-custom-width wp-block-button__width-25 is-size-small\"><a class=\"wp-block-button__link has-vivid-red-background-color has-background wp-element-button\" href=\"https:\/\/buecherbuyeva.buchhandlung.de\/shop\/quickSearch?searchString=lahmer%20melanie\" target=\"_blank\" rel=\"noreferrer noopener\">Im Buchhandel bestellen<\/a><\/div>\n<\/div>\n<\/div>\n\n\n\n<div class=\"wp-block-buttons is-layout-flex wp-block-buttons-is-layout-flex\"><\/div>\n\n\n\n<p><strong><em>Knochenfinder<\/em><\/strong><\/p>\n\n\n\n<div class=\"wp-block-media-text is-stacked-on-mobile\" style=\"grid-template-columns:20% auto\"><figure class=\"wp-block-media-text__media\"><img loading=\"lazy\" decoding=\"async\" width=\"1600\" height=\"2559\" src=\"https:\/\/www.isabell-lahmer.de\/wp-content\/uploads\/2024\/12\/M.Lahmer-Knochenfinder-3_Cover.jpg\" alt=\"\" class=\"wp-image-209 size-full\"\/><\/figure><div class=\"wp-block-media-text__content\">\n<p class=\"has-tiny-font-size\"><em>\u201eDu sollst noch nicht sterben, schlie\u00dflich brauche ich dich noch\u201c, sagte die sanfte Stimme.<\/em><br><em>Aber es klang nicht beruhigend.<\/em><\/p>\n\n\n\n<p class=\"has-tiny-font-size\">Ein Sch\u00fcler verschwindet spurlos.<br>Gleichzeitig tauchen an der Schule des Vermissten brutale Gewaltvideos auf.<br>Noch w\u00e4hrend die Polizei nach dem Sch\u00fcler sucht, findet eine junge Familie menschliche Knochen in den W\u00e4ldern des Rothaargebirges.<\/p>\n\n\n\n<p class=\"has-tiny-font-size\">Natascha Kr\u00fcger und ihre Kollegen von der Siegener Polizei ermitteln im Umfeld des Vermissten und werden zu unfreiwilligen Mitspielern einer gef\u00e4hrlichen Schatzsuche. Dann tauchen die n\u00e4chsten Knochen auf \u2026<\/p>\n<\/div><\/div>\n\n\n\n<p class=\"has-tiny-font-size\">Erh\u00e4ltlich als Taschenbuch und als E-Book f\u00fcr den Kindle sowie Tolino und Co.<\/p>\n\n\n\n<div class=\"wp-block-buttons is-layout-flex wp-block-buttons-is-layout-flex\">\n<div class=\"wp-block-button has-custom-width wp-block-button__width-25 is-size-small\"><a class=\"wp-block-button__link has-vivid-red-background-color has-background wp-element-button\" href=\"https:\/\/www.amazon.de\/Knochenfinder-Melanie-Lahmer\/dp\/3969665140\/ref=sr_1_2?crid=1DXI0D5U95YZ0&amp;dib=eyJ2IjoiMSJ9.6Sx-rxI7CqJJZyIgSR1uz4KS48xrO_I-WpNegjo9SJQrnMs5rG5ni2G62w-ejYvHzo2Dt6mr7jpKJBNmY-aXfHdmD57Z8lwxDw0c7aqk_hSc6fS9pzGEo2fA7ujNEpWAEGfcs5OnlCR2gC_rAuLP3pFUtVtho5Fksw3J79-OjlsjW6V18mpnbzuwZ7KGS5825Wzx8Cdq8TBfJ5BYsowqETPGKxSL9q5hAKsvqVIBDOY.pVBxOsjOtQa95yH17n4SzUG14YeTGXpf1BToB3d_D7E&amp;dib_tag=se&amp;keywords=melanie+lahmer&amp;nsdOptOutParam=true&amp;qid=1733393638&amp;sprefix=lahmer%2Caps%2C85&amp;sr=8-2\" target=\"_blank\" rel=\"noreferrer noopener\">Bei Amazon bestellen<\/a><\/div>\n\n\n\n<div class=\"wp-block-button has-custom-width wp-block-button__width-25 is-size-small\"><a class=\"wp-block-button__link has-vivid-red-background-color has-background wp-element-button\" href=\"https:\/\/buecherbuyeva.buchhandlung.de\/shop\/quickSearch?searchString=lahmer%20melanie\" target=\"_blank\" rel=\"noreferrer noopener\">Im Buchhandel bestellen<\/a><\/div>\n<\/div>\n\n\n\n<div class=\"wp-block-buttons is-layout-flex wp-block-buttons-is-layout-flex\"><\/div>\n\n\n\n<p><strong><em>Kuckucksbrut<\/em><\/strong><\/p>\n\n\n\n<div class=\"wp-block-media-text is-stacked-on-mobile\" style=\"grid-template-columns:20% auto\"><figure class=\"wp-block-media-text__media\"><img loading=\"lazy\" decoding=\"async\" width=\"1600\" height=\"2559\" src=\"https:\/\/www.isabell-lahmer.de\/wp-content\/uploads\/2024\/12\/Kuckucksspiel-Cover.jpg\" alt=\"\" class=\"wp-image-210 size-full\"\/><\/figure><div class=\"wp-block-media-text__content\">\n<p class=\"has-tiny-font-size\"><em>Er beobachtet, er verfolgt und er t\u00f6tet.<br>Wer ist sein n\u00e4chstes Opfer?<\/em><\/p>\n\n\n\n<p class=\"has-tiny-font-size\">Im Wald in der N\u00e4he von Siegen wird auf einem historischen Richtertisch eine Frauenleiche gefunden \u2013 hergerichtet wie am Pranger.<br>Kommissarin Natascha Kr\u00fcger und ihre Kollegen ermitteln und erfahren bald, dass in dem kleinen Dorf im Rothaargebirge eine weitere Frau bedroht wird.<br>Welches Geheimnis verbindet die beiden jungen M\u00fctter? Und welche Rolle spielen die Menschen im Dorf, die eine verschworene Gemeinschaft bilden?<\/p>\n\n\n\n<p class=\"has-tiny-font-size\"><em>Umfassend \u00fcberarbeitete Neuauflage von \u201eKuckucksbrut\u201c, erschienen bei Bastei L\u00fcbbe.<\/em><\/p>\n<\/div><\/div>\n\n\n\n<p class=\"has-tiny-font-size\">Erh\u00e4ltlich als Taschenbuch und als E-Book f\u00fcr den Kindle sowie Tolino und Co.<\/p>\n\n\n\n<div class=\"wp-block-buttons is-layout-flex wp-block-buttons-is-layout-flex\">\n<div class=\"wp-block-button has-custom-width wp-block-button__width-25 is-size-small\"><a class=\"wp-block-button__link has-vivid-red-background-color has-background wp-element-button\" href=\"https:\/\/www.amazon.de\/Kuckucksspiel-Melanie-Lahmer\/dp\/3969665159\/ref=sr_1_1?crid=1DXI0D5U95YZ0&amp;dib=eyJ2IjoiMSJ9.6Sx-rxI7CqJJZyIgSR1uz4KS48xrO_I-WpNegjo9SJQrnMs5rG5ni2G62w-ejYvHzo2Dt6mr7jpKJBNmY-aXfHdmD57Z8lwxDw0c7aqk_hSc6fS9pzGEo2fA7ujNEpWAEGfcs5OnlCR2gC_rAuLP3pFUtVtho5Fksw3J79-OjlsjW6V18mpnbzuwZ7KGS5825Wzx8Cdq8TBfJ5BYsowqETPGKxSL9q5hAKsvqVIBDOY.pVBxOsjOtQa95yH17n4SzUG14YeTGXpf1BToB3d_D7E&amp;dib_tag=se&amp;keywords=melanie+lahmer&amp;nsdOptOutParam=true&amp;qid=1733393638&amp;sprefix=lahmer%2Caps%2C85&amp;sr=8-1\" target=\"_blank\" rel=\"noreferrer noopener\">Bei Amazon bestellen<\/a><\/div>\n\n\n\n<div class=\"wp-block-button has-custom-width wp-block-button__width-25 is-size-small\"><a class=\"wp-block-button__link has-vivid-red-background-color has-background wp-element-button\" href=\"https:\/\/buecherbuyeva.buchhandlung.de\/shop\/quickSearch?searchString=lahmer%20melanie\" target=\"_blank\" rel=\"noreferrer noopener\">Im Buchhandel bestellen<\/a><\/div>\n<\/div>\n\n\n\n<div class=\"wp-block-buttons is-layout-flex wp-block-buttons-is-layout-flex\"><\/div>\n","protected":false},"excerpt":{"rendered":"<p>Die Bergh\u00fcttenreihe Kaiserschmarrn &#8211; Fr\u00fchling auf der kleinen Bergh\u00fctte \u00bbIch glaube nicht an Zuf\u00e4lle. Es ist auch kein Zufall, dass wir beide hier auf der Bank sitzen und Lakritz essen.\u00ab Justine ist Anfang drei\u00dfig, ihr Leben l\u00e4uft in perfekten Bahnen:Sie hat einen tollen Job in der Marketingagentur ihrer besten Freundin, mit ihrem Freund Nico lebt [&hellip;]<\/p>\n","protected":false},"author":1,"featured_media":165,"parent":0,"menu_order":0,"comment_status":"closed","ping_status":"closed","template":"","meta":{"footnotes":""},"class_list":["post-38","page","type-page","status-publish","has-post-thumbnail","hentry"],"yoast_head":"<!-- This site is optimized with the Yoast SEO plugin v27.3 - https:\/\/yoast.com\/product\/yoast-seo-wordpress\/ -->\n<title>Meine B\u00fccher - Isabell Lahmer - Romane<\/title>\n<meta name=\"description\" content=\"Isabell Lahmer entf\u00fchrt ihre Leserinnen auf eine kleine H\u00fctte in der atemberaubenden Landschaft der Allg\u00e4uer Alpen.\" \/>\n<meta name=\"robots\" content=\"index, follow, max-snippet:-1, max-image-preview:large, max-video-preview:-1\" \/>\n<link rel=\"canonical\" href=\"https:\/\/www.isabell-lahmer.de\/?page_id=38\" \/>\n<meta property=\"og:locale\" content=\"de_DE\" \/>\n<meta property=\"og:type\" content=\"article\" \/>\n<meta property=\"og:title\" content=\"Meine B\u00fccher - Isabell Lahmer - Romane\" \/>\n<meta property=\"og:description\" content=\"Isabell Lahmer entf\u00fchrt ihre Leserinnen auf eine kleine H\u00fctte in der atemberaubenden Landschaft der Allg\u00e4uer Alpen.\" \/>\n<meta property=\"og:url\" content=\"https:\/\/www.isabell-lahmer.de\/?page_id=38\" \/>\n<meta property=\"og:site_name\" content=\"Isabell Lahmer - Romane\" \/>\n<meta property=\"article:modified_time\" content=\"2026-03-10T10:09:34+00:00\" \/>\n<meta property=\"og:image\" content=\"https:\/\/www.isabell-lahmer.de\/wp-content\/uploads\/2024\/10\/Buecherstapel-Kaiserschmarrn.jpg\" \/>\n\t<meta property=\"og:image:width\" content=\"3060\" \/>\n\t<meta property=\"og:image:height\" content=\"3584\" \/>\n\t<meta property=\"og:image:type\" content=\"image\/jpeg\" \/>\n<meta name=\"twitter:card\" content=\"summary_large_image\" \/>\n<meta name=\"twitter:label1\" content=\"Gesch\u00e4tzte Lesezeit\" \/>\n\t<meta name=\"twitter:data1\" content=\"4\u00a0Minuten\" \/>\n<script type=\"application\/ld+json\" class=\"yoast-schema-graph\">{\"@context\":\"https:\\\/\\\/schema.org\",\"@graph\":[{\"@type\":\"WebPage\",\"@id\":\"https:\\\/\\\/www.isabell-lahmer.de\\\/?page_id=38\",\"url\":\"https:\\\/\\\/www.isabell-lahmer.de\\\/?page_id=38\",\"name\":\"Meine B\u00fccher - Isabell Lahmer - Romane\",\"isPartOf\":{\"@id\":\"https:\\\/\\\/www.isabell-lahmer.de\\\/#website\"},\"primaryImageOfPage\":{\"@id\":\"https:\\\/\\\/www.isabell-lahmer.de\\\/?page_id=38#primaryimage\"},\"image\":{\"@id\":\"https:\\\/\\\/www.isabell-lahmer.de\\\/?page_id=38#primaryimage\"},\"thumbnailUrl\":\"https:\\\/\\\/www.isabell-lahmer.de\\\/wp-content\\\/uploads\\\/2024\\\/10\\\/Buecherstapel-Kaiserschmarrn.jpg\",\"datePublished\":\"2024-09-04T13:34:20+00:00\",\"dateModified\":\"2026-03-10T10:09:34+00:00\",\"description\":\"Isabell Lahmer entf\u00fchrt ihre Leserinnen auf eine kleine H\u00fctte in der atemberaubenden Landschaft der Allg\u00e4uer Alpen.\",\"breadcrumb\":{\"@id\":\"https:\\\/\\\/www.isabell-lahmer.de\\\/?page_id=38#breadcrumb\"},\"inLanguage\":\"de\",\"potentialAction\":[{\"@type\":\"ReadAction\",\"target\":[\"https:\\\/\\\/www.isabell-lahmer.de\\\/?page_id=38\"]}]},{\"@type\":\"ImageObject\",\"inLanguage\":\"de\",\"@id\":\"https:\\\/\\\/www.isabell-lahmer.de\\\/?page_id=38#primaryimage\",\"url\":\"https:\\\/\\\/www.isabell-lahmer.de\\\/wp-content\\\/uploads\\\/2024\\\/10\\\/Buecherstapel-Kaiserschmarrn.jpg\",\"contentUrl\":\"https:\\\/\\\/www.isabell-lahmer.de\\\/wp-content\\\/uploads\\\/2024\\\/10\\\/Buecherstapel-Kaiserschmarrn.jpg\",\"width\":3060,\"height\":3584,\"caption\":\"Ein Stapel Taschenb\u00fccher \\\"Kaiserschmarrn - Fr\u00fchling auf der kleinen Bergh\u00fctte\\\" liegt auf einem Untergrund aus wei\u00dfem Holz. Drei B\u00fccher stehen vor dem Stapel, sodass man das Cover gut erkennen kann.\"},{\"@type\":\"BreadcrumbList\",\"@id\":\"https:\\\/\\\/www.isabell-lahmer.de\\\/?page_id=38#breadcrumb\",\"itemListElement\":[{\"@type\":\"ListItem\",\"position\":1,\"name\":\"Start\",\"item\":\"https:\\\/\\\/www.isabell-lahmer.de\\\/\"},{\"@type\":\"ListItem\",\"position\":2,\"name\":\"Meine B\u00fccher\"}]},{\"@type\":\"WebSite\",\"@id\":\"https:\\\/\\\/www.isabell-lahmer.de\\\/#website\",\"url\":\"https:\\\/\\\/www.isabell-lahmer.de\\\/\",\"name\":\"Isabell Lahmer - Romane\",\"description\":\"Romane zum Wohlf&uuml;hlen\",\"potentialAction\":[{\"@type\":\"SearchAction\",\"target\":{\"@type\":\"EntryPoint\",\"urlTemplate\":\"https:\\\/\\\/www.isabell-lahmer.de\\\/?s={search_term_string}\"},\"query-input\":{\"@type\":\"PropertyValueSpecification\",\"valueRequired\":true,\"valueName\":\"search_term_string\"}}],\"inLanguage\":\"de\"}]}<\/script>\n<!-- \/ Yoast SEO plugin. -->","yoast_head_json":{"title":"Meine B\u00fccher - Isabell Lahmer - Romane","description":"Isabell Lahmer entf\u00fchrt ihre Leserinnen auf eine kleine H\u00fctte in der atemberaubenden Landschaft der Allg\u00e4uer Alpen.","robots":{"index":"index","follow":"follow","max-snippet":"max-snippet:-1","max-image-preview":"max-image-preview:large","max-video-preview":"max-video-preview:-1"},"canonical":"https:\/\/www.isabell-lahmer.de\/?page_id=38","og_locale":"de_DE","og_type":"article","og_title":"Meine B\u00fccher - Isabell Lahmer - Romane","og_description":"Isabell Lahmer entf\u00fchrt ihre Leserinnen auf eine kleine H\u00fctte in der atemberaubenden Landschaft der Allg\u00e4uer Alpen.","og_url":"https:\/\/www.isabell-lahmer.de\/?page_id=38","og_site_name":"Isabell Lahmer - Romane","article_modified_time":"2026-03-10T10:09:34+00:00","og_image":[{"width":3060,"height":3584,"url":"https:\/\/www.isabell-lahmer.de\/wp-content\/uploads\/2024\/10\/Buecherstapel-Kaiserschmarrn.jpg","type":"image\/jpeg"}],"twitter_card":"summary_large_image","twitter_misc":{"Gesch\u00e4tzte Lesezeit":"4\u00a0Minuten"},"schema":{"@context":"https:\/\/schema.org","@graph":[{"@type":"WebPage","@id":"https:\/\/www.isabell-lahmer.de\/?page_id=38","url":"https:\/\/www.isabell-lahmer.de\/?page_id=38","name":"Meine B\u00fccher - Isabell Lahmer - Romane","isPartOf":{"@id":"https:\/\/www.isabell-lahmer.de\/#website"},"primaryImageOfPage":{"@id":"https:\/\/www.isabell-lahmer.de\/?page_id=38#primaryimage"},"image":{"@id":"https:\/\/www.isabell-lahmer.de\/?page_id=38#primaryimage"},"thumbnailUrl":"https:\/\/www.isabell-lahmer.de\/wp-content\/uploads\/2024\/10\/Buecherstapel-Kaiserschmarrn.jpg","datePublished":"2024-09-04T13:34:20+00:00","dateModified":"2026-03-10T10:09:34+00:00","description":"Isabell Lahmer entf\u00fchrt ihre Leserinnen auf eine kleine H\u00fctte in der atemberaubenden Landschaft der Allg\u00e4uer Alpen.","breadcrumb":{"@id":"https:\/\/www.isabell-lahmer.de\/?page_id=38#breadcrumb"},"inLanguage":"de","potentialAction":[{"@type":"ReadAction","target":["https:\/\/www.isabell-lahmer.de\/?page_id=38"]}]},{"@type":"ImageObject","inLanguage":"de","@id":"https:\/\/www.isabell-lahmer.de\/?page_id=38#primaryimage","url":"https:\/\/www.isabell-lahmer.de\/wp-content\/uploads\/2024\/10\/Buecherstapel-Kaiserschmarrn.jpg","contentUrl":"https:\/\/www.isabell-lahmer.de\/wp-content\/uploads\/2024\/10\/Buecherstapel-Kaiserschmarrn.jpg","width":3060,"height":3584,"caption":"Ein Stapel Taschenb\u00fccher \"Kaiserschmarrn - Fr\u00fchling auf der kleinen Bergh\u00fctte\" liegt auf einem Untergrund aus wei\u00dfem Holz. Drei B\u00fccher stehen vor dem Stapel, sodass man das Cover gut erkennen kann."},{"@type":"BreadcrumbList","@id":"https:\/\/www.isabell-lahmer.de\/?page_id=38#breadcrumb","itemListElement":[{"@type":"ListItem","position":1,"name":"Start","item":"https:\/\/www.isabell-lahmer.de\/"},{"@type":"ListItem","position":2,"name":"Meine B\u00fccher"}]},{"@type":"WebSite","@id":"https:\/\/www.isabell-lahmer.de\/#website","url":"https:\/\/www.isabell-lahmer.de\/","name":"Isabell Lahmer - Romane","description":"Romane zum Wohlf&uuml;hlen","potentialAction":[{"@type":"SearchAction","target":{"@type":"EntryPoint","urlTemplate":"https:\/\/www.isabell-lahmer.de\/?s={search_term_string}"},"query-input":{"@type":"PropertyValueSpecification","valueRequired":true,"valueName":"search_term_string"}}],"inLanguage":"de"}]}},"jetpack_sharing_enabled":true,"_links":{"self":[{"href":"https:\/\/www.isabell-lahmer.de\/index.php?rest_route=\/wp\/v2\/pages\/38","targetHints":{"allow":["GET"]}}],"collection":[{"href":"https:\/\/www.isabell-lahmer.de\/index.php?rest_route=\/wp\/v2\/pages"}],"about":[{"href":"https:\/\/www.isabell-lahmer.de\/index.php?rest_route=\/wp\/v2\/types\/page"}],"author":[{"embeddable":true,"href":"https:\/\/www.isabell-lahmer.de\/index.php?rest_route=\/wp\/v2\/users\/1"}],"replies":[{"embeddable":true,"href":"https:\/\/www.isabell-lahmer.de\/index.php?rest_route=%2Fwp%2Fv2%2Fcomments&post=38"}],"version-history":[{"count":8,"href":"https:\/\/www.isabell-lahmer.de\/index.php?rest_route=\/wp\/v2\/pages\/38\/revisions"}],"predecessor-version":[{"id":288,"href":"https:\/\/www.isabell-lahmer.de\/index.php?rest_route=\/wp\/v2\/pages\/38\/revisions\/288"}],"wp:featuredmedia":[{"embeddable":true,"href":"https:\/\/www.isabell-lahmer.de\/index.php?rest_route=\/wp\/v2\/media\/165"}],"wp:attachment":[{"href":"https:\/\/www.isabell-lahmer.de\/index.php?rest_route=%2Fwp%2Fv2%2Fmedia&parent=38"}],"curies":[{"name":"wp","href":"https:\/\/api.w.org\/{rel}","templated":true}]}}